e tens digit of c?
4
Suppose -h = -29 + 22. Suppose -h*y - 600 = -19*y. Let u = 54 - y. What is the units digit of u?
4
Let j = 35 - 11. Suppose 6*p - j = -6. Suppose b = -4*d + 145, p*d + 11 = 3*b - 379. What is the tens digit of b?
3
Suppose -1580779 + 404253 = -18*l - t, 0 = -2*l - t + 130718. What is the tens digit of l?
6
Let b = -76 - -122. Let g = 73 - b. Let u = g - -13. What is the units digit of u?
0
Suppose x + 4*w = 26463, -3*x + 79389 = -276*w + 271*w. What is the units digit of x?
3
Let l = 1661 + -829. What is the tens digit of l - (8 - 4 - 5)?
3
Suppose -11 = -4*v + 5. Suppose 2*m - v = -0. What is the tens digit of 19/m*(-40)/(-5)?
7
What is the hundreds digit of 5/3 + 47128/12?
9
Suppose 0 = -2*g + 3*x - 9, -14*g - 7 = -18*g + x. What is the tens digit of 0 + g + (-13)/(26/(-1098))?
5
Suppose 12*s = 3*y + 11*s + 624, -4*s = 2*y + 416. Let u = y - -504. What is the tens digit of u?
9
Let d(o) = 7*o**2 - 5 - o**2 + 0*o**3 - 6*o - o**3. Let z be d(4). Suppose 5*k - z*k - 202 = 0. What is the tens digit of k?
0
Let d = 4388 + 17209. What is the hundreds digit of d?
5
Let i = -617 + -18. Let s = -604 - i. What is the units digit of s?
1
What is the tens digit of (2944 - 1)/(12/(-34) + 20340/48960)?
8
Suppose 5*c - 58 + 68 = 0. Let h be (c*(-8)/6)/(2/3). What is the units digit of (h/(-6))/(34/(-7599))?
9
What is the tens digit of (-1400)/1575 - 508391/(-9)?
8
Suppose 3*r = 4*t + 17822, -466*t + 468*t + 10 = 0. What is the thousands digit of r?
5
Suppose 14*j - 15384 = 18874. What is the hundreds digit of j?
4
What is the hundreds digit of -6 - 454952/(-56) - ((-3)/7)/(-3)?
1
Suppose 9*l - 212*l = -17*l - 14382450. What is the thousands digit of l?
7
Suppose -4*l + 48646 = 3*u, -23*u - 2 = -22*u. What is the hundreds digit of l?
1
Let f(s) = 90*s**3 + 2*s**2 + 3*s - 2. Let w be f(-2). Let d = 685 - w. What is the units digit of d?
5
Suppose 79*c - 63 = 82*c. Let t(k) = -k**2 - 10*k + 4. Let d be t(-6). Let i = c + d. What is the units digit of i?
7
Suppose -43*u - 338215 + 6490 = -68*u. What is the hundreds digit of u?
2
Let g(i) = -i**2 - 7*i - 58. Let t be g(-11). What is the tens digit of t/(525/77 + -7)?
6
Let q = 418 - 422. What is the hundreds digit of 6/q*26572/(-42)?
9
Let d be ((-6)/(-1))/(48/(-3040)). Let v = d + 803. What is the units digit of v?
3
Let x be (850/4 + 2)/(24/32). Let i = 162 - x. Let p = i + 233. What is the units digit of p?
9
Suppose -4*h + 7972 = -2*h + 2*j, -3 = 3*j. Suppose -f + 5372 = 3*z + 1385, -3*z = 5*f - h. What is the tens digit of z?
2
Suppose -15 = 3*f, 306 = -j + 3*f - 126. Let l = 76 - j. What is the hundreds digit of l?
5
Suppose 6*i + 16 - 4 = 0. What is the units digit of (-1293)/(((-8)/32)/(i/(-12)))?
2
What is the ten thousands digit of (-52)/78 + 37004/3?
1
Suppose 4*n - 6*n - 4 = 0. Let a be 1 - (n/(-8) + 19838/(-56)). Suppose 2*p + 142 = 6*r - 4*r, a = 5*r - 2*p. What is the tens digit of r?
7
Let z be (10/6)/(10/69630). Let y be 4/(-6) - z/(-33). Suppose 7*k - 9*k + 2*n + 342 = 0, -2*k = -5*n - y. What is the units digit of k?
8
Suppose -75 = 10*k - 5*k. Let y be 141/(k/10 - -3). Let l = 146 - y. What is the tens digit of l?
5
Let k = 939 - -4318. What is the hundreds digit of k?
2
Suppose 0 = 32*l - 206669 + 33133. What is the tens digit of l?
2
Let u = -61 + 66. Suppose -4*y - 2 + u = -c, 0 = -y - 2*c + 12. Suppose -3*b = -2*a - 193, -y*b - 2*a - 3*a + 97 = 0. What is the units digit of b?
1
Let f be (53/4)/((-3)/(-24)). Let y(n) = 5*n**2 + 3*n - 7. Let t be y(-3). Suppose t = -b + f. What is the tens digit of b?
7
Suppose -2*r - r + 598 = -2*w, 4 = -r. Let o = 355 - w. Suppose 74*g = 79*g - o. What is the tens digit of g?
3
Let h(c) = -1691*c + 1019. What is the ten thousands digit of h(-17)?
2
Let i(a) = a - 6. Let x be -4 + 1 + 3 - -9. Let b be i(x). Suppose 22 = b*t - 2. What is the units digit of t?
8
Let g(h) be the third derivative of h**5/60 + 5*h**3/6 - h**2. Let u = 24 + -19. What is the tens digit of g(u)?
3
Suppose -29*a + 54512 = 3240. Let j = a + -903. What is the hundreds digit of j?
8
Let f = 21 + -21. Suppose 5*o - 1 - 2 = -4*k, 5*k - 3*o - 13 = f. Suppose -k*j = -0*j - 5*t - 20, -2*j + 20 = 3*t. What is the units digit of j?
0
Suppose 3*k = 6*k - 15. Suppose 0 = k*q + 99 + 101. Let o = q + 171. What is the tens digit of o?
3
Let m be 5*-1 + (-2 - -2). Let l(b) = 18*b**2 + 18*b - 28. Let j be l(2). Let d = j - m. What is the units digit of d?
5
Let u(n) = 10169*n - 8853. What is the units digit of u(9)?
8
Suppose -10*q - 27 = -7*q. Let h be 0/(2/1) + (-8 - q). What is the units digit of ((-238 - h) + 0/(-2))*-1?
9
Let n be (-6)/(((-16)/(-192))/((-1)/(-9))). Let l(q) = 4*q**2 - 10*q - 30. What is the units digit of l(n)?
6
Let s(q) = 8*q + 37*q**2 + 27 - 11 - 9 - 15. What is the tens digit of s(2)?
5
Let j(m) = -2*m**3 - 9*m**2 - 10*m - 20. Let n(u) = -u**2 + u + 63. Let i be n(9). What is the units digit of j(i)?
9
Suppose -t = -70 + 35. Suppose -2*q - 406 = -4*i, -2*i = -4*q - t - 165. What is the units digit of i?
2
Suppose u = -5*x - 11, -4*x - x - 7 = -3*u. Let q be (539/22)/((-1)/x). What is the units digit of (-3)/7 + 1834/q?
7
Suppose 6*u - 2*u - 32 = 0. Let c(g) = 32*g**3 - 2*g**2 + g + 2. Let y be c(2). What is the tens digit of y*(-4 - (-36)/u)?
2
Suppose -2*m - 5*k + 2023 = 0, -5*m = 3*k - 1902 - 3184. What is the thousands digit of m?
1
Let m be (308/16)/(2/16). Suppose -38 = -4*u + m. Suppose -10 = -y + 5*r + u, -3*y + 120 = 3*r. What is the units digit of y?
3
Let x be 58/(-6) + (2 - 3)/3. Let i = x - -10. Suppose i = 8*q - 5*q - 207. What is the tens digit of q?
6
Let n(d) = -33 - 4*d - 40 + 52. Suppose u + 6 = -5*k, 0*u = -3*u + 4*k - 37. What is the units digit of n(u)?
3
Suppose 2*x = -10, 5*h - 11684 = 4*x + 48481. What is the hundreds digit of h?
0
Suppose 7*l + 2237 = 10224. Let b = 149 + l. Suppose 0*h = -10*h + b. What is the tens digit of h?
2
Suppose 2*c - 5*v + 10 = 0, -3*c - 7 = -v - 18. Let t(w) = 9*w + 39. What is the tens digit of t(c)?
8
Let o be 9183 + 6 + 12/(-3). What is the tens digit of (o/25 - -3)*(-35)/(-14)?
2
Suppose -4*c + 33682 = 2*g, -4*c - 2*g = -g - 33681. Suppose 17*w - c = -2946. What is the hundreds digit of w?
3
Let m = -5 + 7. Let f(r) = 15*r + 11 - 15 - r**m + 34. What is the units digit of f(12)?
6
Let w = 131 + -52. Let d be (-10 + 16 + -12)*(-35)/(-6). Let z = d + w. What is the units digit of z?
4
Suppose -6056246 - 1152667 = -191*k. What is the thousands digit of k?
7
Let j be (-5)/4*(-16)/4. Suppose -j*f - 5*g = -520, -g - 370 = -4*f + 31. Let n = f - 8. What is the tens digit of n?
9
What is the units digit of (-5463)/(((-6)/4)/(9/((-27)/(-6))))?
4
Suppose 3*k = -12 - 21. Let o(u) = -u**2 - 14*u - 30. Let r be o(k). Suppose -2*t + r*j + 285 = 0, -j - 245 = -2*t - 6*j. What is the units digit of t?
5
Let d = 43 + -40. Suppose q - 4*w = -d - 3, 3*w = 5*q - 38. Let n(t) = 16*t + 14. What is the tens digit of n(q)?
7
Suppose -3*z = 4*n - 2*z - 10, 3*z = -4*n + 14. Suppose -2*p - 2*c = -3*p + 11, 4 = 4*p + n*c. What is the units digit of p/(2 - 0 - (-699)/(-354))?
8
Let x be -1 + ((-46)/(-8))/((-5)/(-120)). Let c = x - -8. What is the hundreds digit of c?
1
Let m(n) = -3*n - 77. Let y be m(-22). Let r(o) = 7*o + 50. Let b be r(y). Let q = 107 + b. What is the units digit of q?
0
Let r be 2/10 + (-86)/430. Suppose -13*g + 3*g + 8870 = r. What is the tens digit of g?
8
Suppose -3*z + 18 + 108 = 0. Let v = 44 - z. Suppose 6 = 3*n, -8*x - 128 = -10*x + v*n. What is the tens digit of x?
6
Suppose 10*k = -9*k + 5453. Suppose -284*j - 2817 = -k*j. What is the tens digit of j?
3
What is the hundreds digit of ((-4354)/6)/((832/1170)/(-32))?
6
Let d(i) = i**3 - 31*i**2 + 30*i - 4. Let p be d(30). What is the units digit of p/(-3)*(-141)/(-2)*1?
4
Suppose -18 = 3*b, -25*w + 22*w = -8*b - 100485. What is the tens digit of w?
7
Let x be (-1 + 962/(-6))/((-2)/6). Suppose -v - 5*a + 492 = -0*v, v = -3*a + x. What is the tens digit of v?
7
Let c(u) = -53*u + 6 - 16 - 5. Let q be c(-9). Suppose 0*y + 4*y - q = 3*h, 0 = -y - 2*h + 121. What is the hundreds digit of y?
1
Suppose -267*d = -265*d + 4*i - 9776, -d + 3*i + 4873 = 0. What is the thousands digit of d?
4
Suppose 33*r + 4228 = 26*r. What is the hundreds digit of (r/